c - 2. Give m(s).
-14
Let j(y) = -y**3 + 2*y**2 + 7*y - 5. Let l be -4 + 6/1 + 2. Calculate j(l).
-9
Let a(t) = 4 - 2*t + 0 - 5 + 0*t. Suppose 5*r + 39 = -5*z - 6, 0 = 3*z - 3*r + 21. Let c = -14 - z. Determine a(c).
11
Let p(y) = -6*y**3 - y**2 - y + 37. Let i(l) = -l**3. Let f(k) = 5*i(k) - p(k). Determine f(0).
-37
Let s(n) = n - 1. Let k(q) = q**3 - 13*q**2 + 13*q - 12. Let m be k(12). Suppose 0 = -m*i + 6*i - 42. What is s(i)?
6
Suppose 2 = -s - f - 1, 0 = 4*f + 16. Let q(o) = -6 - 13*o + 3*o + 5 - 11*o. Give q(s).
-22
Let q(z) = z**2 + 3*z + 3. Let t(o) = o**2 + 3*o + 3. Let l(p) = 5*q(p) - 4*t(p). Suppose 4*i + 9 = c + 1, 5*i = -4*c - 31. Determine l(i).
3
Suppose 0 = -169*o + 171*o - 4. Let l(i) = -i**3 + 1. Determine l(o).
-7
Let h(x) = x**2 + 2. Suppose -4*w - 23 = 3*g, 42*g - 45*g + 7 = -2*w. Calculate h(w).
27
Let g(p) = -28 + 19 + 28 + p. Calculate g(-19).
0
Let i(w) be the third derivative of -w**5/60 + w**4/3 - w**3/2 + 4*w**2 - 3*w. What is i(7)?
4
Let k(g) be the first derivative of -2*g**3/3 + 7*g**2/2 - 5*g + 879. What is k(4)?
-9
Suppose a - y = 68, 0*y - 3*y = -5*a + 336. Suppose -6 = 5*f - a. Let r = -14 + f. Let m(p) = 4*p**2 + 2*p. What is m(r)?
12
Let q(t) be the second derivative of 0 - 5/6*t**3 - 7*t - 5/2*t**2. Let o(u) = -9*u - 9. Let n(f) = 6*o(f) - 11*q(f). Determine n(4).
5
Suppose -2*b = -4*q - 266, -2*q - 118 = -2*b + 6*b. Let c = -65 - q. Let n(p) = -p**2. Determine n(c).
0
Let f be (-1 + 0)/(-8) - 552/(-192). Let a be -3*2/(-12)*0. Let p(d) = 3*d**2 + a*d - d**3 + 10 - 8 + 2*d. Determine p(f).
8
Let o(l) = l**2 - 17*l - 13. Suppose 40*z - 1105 = -25*z. What is o(z)?
-13
Let f(o) = 2 - 86*o + 2*o**2 - o**2 + 41*o - 3 + 43*o. What is f(3)?
2
Let u(y) = -y**2 - 6*y - 8. Let p(a) = 3*a**2 + a. Let l be p(-3). Suppose 0 = w - 5*w + l. Let t = w - 12. Calculate u(t).
-8
Let g(n) = n - 8. Suppose -2*m = 5*q - 7*m - 30, -5*m = 2*q - 47. Give g(q).
3
Let q be 2/5 + 826/210 + -4. Let m(a) be the first derivative of -7 + 7*a + q*a**3 - 7/2*a**2. Give m(6).
1
Let a(s) = 2 + 11101*s - 11105*s - 4*s**2 + s**3 + 2*s**2. Give a(3).
-1
Let r = -27 + 32. Suppose 18 = -r*f + 3. Let x be -8 - -4 - (f - 3). Let t(k) = 3*k**2 - 3*k. What is t(x)?
6
Let g(l) be the first derivative of l + 1/3*l**3 - 15/2*l**4 - 5 - l**2. What is g(1)?
-30
Let t(w) be the second derivative of w**4/12 - w**3/3 + 3*w**2/2 + 2*w. Let m be t(2). Let k(r) = 0 + m + r - 2 + 0. Give k(-5).
-4
Let f(d) be the first derivative of -d**5/120 - d**4/6 - 4*d**3/3 - 6. Let g(i) be the third derivative of f(i). Determine g(-4).
0
Let y(u) = u - 6. Let q(j) = -74*j - 378. Let i be q(-5). What is y(i)?
-14
Suppose 8*u = 10*u + 5*r - 15, u - 5*r = -15. Let v(g) be the third derivative of -2*g**2 + u*g**3 + 0*g - 1/24*g**4 + 0. Give v(-3).
3
Let y(z) = -12*z**3 - 5*z**2 + z - 9. Let n(w) = -2*w**3 - w**2 + w - 2. Let x(q) = -4*n(q) + y(q). Give x(-2).
33
Let m(z) = -32*z + 1. Suppose 0 = -51*t + 136 - 85. What is m(t)?
-31
Let n(s) = 173*s**2 - 175*s**2 - 2*s - 1 + s. What is n(-4)?
-29
Suppose 0 = -0*m + 3*m + 45. Let r be (-9)/m*(10 - 0). Let a(k) = 4 + 0 + 6*k - 13*k - 5*k**2 + k**3. Determine a(r).
-2
Suppose 23*w = 22*w + 6. Let b(o) = o - 8. Give b(w).
-2
Let u(g) = 10*g + 12*g + 8*g + 9 - 33*g. Let k = -5 + 9. Suppose 14 = -k*v + 38. Give u(v).
-9
Let i(c) = c**3 + 5*c**2 - 10*c - 9. Suppose -2*l - 24 = -12. Calculate i(l).
15
Let n(h) = -2*h**2 + 3*h + 1. Let f(i) = 5*i**2 - 5*i - 2. Let z be (0 - (-14)/(-6))*-3. Let t(x) = z*n(x) + 3*f(x). Calculate t(-7).
8
Let a(g) = g**3 - 5*g**2 - 11*g + 3. Let p(q) = 5*q**3 - 25*q**2 - 56*q + 16. Let y(c) = 11*a(c) - 2*p(c). Let j be 4/(-3) - 66/(-9). Calculate y(j).
-17
Let q(n) be the second derivative of -n**4/12 - n**3 + n**2/2 + 16*n. Suppose -3*b + 5*g = 6, -b = 4*g - 2*g + 13. What is q(b)?
-6
Let w(o) be the third derivative of -o**6/120 + 2*o**5/15 + 7*o**4/24 + 5*o**3/3 - 1082*o**2. Determine w(9).
-8
Let q(p) = p**2 + 4*p + 1. Let o(z) = 4*z**2 - 1. Let k be o(1). Let m(l) = 3*l + 7. Let s be m(k). Let g = s - 21. Calculate q(g).
6
Let i be 6 + (1 - 4) - 10. Let j(x) = 9*x + 14. Let u(y) = 5*y + 7. Let d = 0 - 3. Let k(b) = d*j(b) + 5*u(b). Calculate k(i).
7
Let y(w) be the first derivative of w**3/3 - 3*w**2 + 8*w - 143. Determine y(5).
3
Let w(l) = 6*l**2 + 18*l - 3. Let h be w(-3). Let t(j) = -3*j + 1. Give t(h).
10
Let o(r) be the second derivative of r**3/6 - 3*r**2/2 + 2*r. Let s = 838 - 838. What is o(s)?
-3
Let f(x) = x**3 - 9*x**2 + 5*x + 16. Let o be (-4)/10 - (-1260)/150. Calculate f(o).
-8
Let b(o) = 7*o - 2. Let j(i) = -1 - 6*i + 4 - 4*i. Let h(s) = -7*b(s) - 5*j(s). Let w = 6 - 4. Calculate h(w).
1
Let p be (-37)/(-7) + (-2)/7. Let h(t) = 1 - 4 - 30*t**2 + 44*t**2 - 13*t**2 - 3*t. Give h(p).
7
Let h be -3 + -4 + -3 + 7. Let f(w) = -6 - w + 3 + 6. Determine f(h).
6
Let d be 6/(1 + (-10)/16). Let o(g) = 10*g - d + 16. Give o(1).
10
Let s(f) = 5*f**3 - f**2. Let b be 160/35 + 6/14. Suppose 0*o - 5 = b*o. Determine s(o).
-6
Let u(t) be the third derivative of -t**9/60480 + t**8/5040 + t**7/1260 - t**6/180 + 2*t**5/15 - 2*t**2. Let l(n) be the third derivative of u(n). Give l(4).
12
Let v(u) be the third derivative of u**6/12 - u**5/60 - u**4/24 + 14*u**2. Suppose 5*m - 7*m = 3*i + 8, i - 1 = 3*m. Give v(m).
-10
Let p(q) = 3*q**2 - 7*q + 21. Let i(u) = 2*u**2 - 5*u + 14. Let o(v) = -7*i(v) + 5*p(v). Suppose -193*w + 194*w = 0. Determine o(w).
7
Let u = 1 + -4. Let h(q) be the first derivative of -q**3/3 + q**2 + 3*q + 60. Give h(u).
-12
Suppose -n = -3*o - 17, -2*n + 3*o + 22 = -0*n. Suppose -2*q + 23 = 5. Let v(m) = 0*m + q*m - 8*m. Give v(n).
5
Let o(r) = r**3 + 3*r**2 + 13*r - 2. Let g(z) = z**3 + 2*z**2 + 14*z - 1. Let n be (-2 + -7 + 3)/(-1). Let w(a) = n*o(a) - 5*g(a). Give w(-7).
-14
Suppose 2*n - c - 66 = 0, 0 = 4*n - 9*n - 5*c + 135. Let d(b) = -n*b - 28*b + 60*b - 3. Calculate d(4).
1
Let s(x) = -x**2 + 2. Let a be 0 + (-6)/18 + 20/6. Let f be 1/(-1 - -2) - a. Calculate s(f).
-2
Let u = -8 + 10. Suppose u*f - 3*z = 6*f - 144, -152 = -4*f - 5*z. Let a be 2/(-7) + f/(-7). Let q(c) = -c**3 - 5*c**2 - 2*c - 2. What is q(a)?
8
Let x(d) be the first derivative of 1/4*d**4 + 4/3*d**3 - 7/2*d**2 - 6*d + 6. Let o be x(-5). Let c(a) = -a**2 + 6*a - 5. Calculate c(o).
3
Let k = -2 - -5. Let f(j) = 5*j. Let v(g) = -3*g. Let x(q) = 4*f(q) + 5*v(q). Determine x(k).
15
Suppose 15*f - 20 = 20*f - b, 5*b = 0. Let r(y) = -y + 3. Give r(f).
7
Let j(c) = -c**3 + 30*c**2 + 2*c - 55. Let v be j(30). Let r(d) be the third derivative of -d**2 + 0*d - 1/6*d**4 + 0 - 1/2*d**3 + 1/60*d**5. Calculate r(v).
2
Let j(y) = -y. Let i be 36/108 - -1*22/6. Suppose -3*z = -4*o - 17, -2*z + 0*o = 3*o. Suppose -r - i = 3*m - 6*r, 0 = -3*m + z*r - 6. Give j(m).
3
Let v(l) = -l**2 - 15*l - 24. Let d be v(-13). Suppose -d*u - 3 = -3*g + 11, -g - 2 = -4*u. Let n(h) = 6*h - g + 6*h + 2*h - 13*h. Determine n(0).
-6
Let a be (112/4)/(-4)*-1 - -2. Let k(s) = 2*s**2 - s + a - 13 + 4. Determine k(1).
1
Let i(w) be the second derivative of w**3/6 - w**2/2 + 93*w - 2. Let u = 6 - 6. Suppose -o - 5 + 0 = u. Determine i(o).
-6
Let g(q) be the second derivative of -27*q + 0*q**2 + 5/3*q**3 + 0. What is g(-2)?
-20
Let o be (8 + -1 + -1)*2/4. Let t(z) = -o*z**3 - 194*z**2 + 2 + 192*z**2 + 0*z + 2*z. Calculate t(-2).
14
Let f = -19 + 25. Let d(o) = o**2 - 6*o - 1. Let s be d(f). Let q(n) = 7*n**2 + 1. What is q(s)?
8
Let l(v) = -3*v**2 + 17*v - 1. Let x(u) = 4*u**2 - 19*u + 1. Let r(q) = 5*l(q) + 4*x(q). What is r(-9)?
-1
Let p = 4 + 0. Suppose -b + 9 = y - 5*y, -4 = 2*y. Let x(l) = b - 5*l + p*l + 4*l. Give x(-2).
-5
Suppose -c - 15 = -4*h - 2, 5 = 5*h - 5*c. Suppose -2*g = 3*q - 5, 3*q = 3*g + 2*g - 23. Let r(o) = 4 - o - g + 7. What is r(h)?
3
Let w(o) = -19*o - 131. Let p be w(-7). Let t(q) = -2*q**3 + 2*q**2 - q - 3. Give t(p).
-13
Let z = -13 - -17. Suppose 2*g = -z*g + g. Let t(r) = 3*r**3 + r**2 + r - 6. Let u(n) = -10*n**3 - 4*n**2 - 4*n + 17. Let c(p) = 7*t(p) + 2*u(p). What is c(g)?
-8
Let k(h) be the first derivative of -1/3*h**3 + 0*h + 0*h**4 + 3 + 0*h**2 + 1/40*h**5. Let l(q) be the third derivative of k(q). Calculate l(-2).
-6
Let l(z) = -8*z + 117. Let u be l(16). Let y(v) = -v**2 - 10*v + 7. Calculate y(u).
-4
Let z be ((-